
Suppose 0 = b - 124 - 186. Suppose -s + 7 = -5*t + 292, -4*s + b = 5*t. What is the remainder when t is divided by 15?
13
Suppose -482*h + 252 = -475*h. Calculate the remainder when 48 is divided by h.
12
Let f(c) = -c**3 + 11*c**2 + 2. Let u be f(11). Suppose u*l + 2*l = 140. Suppose -j = 1 - 10. Calculate the remainder when l is divided by j.
8
Suppose 9*h = 4*h + 105. Let r = -1 + h. Let y(k) = k**3 - 32*k**2 + 58*k + 71. Calculate the remainder when r is divided by y(30).
9
Suppose z + 72 = -z. Let j be z*(-4 + 14/6). Calculate the remainder when 21 is divided by j/9*(-18)/(-15).
5
Let n(j) = -22*j - 84. Calculate the remainder when n(-7) is divided by 29.
12
Let i = 15 - 11. Suppose p - i*o = -5, -2*o - 1 + 5 = 0. What is the remainder when 9 is divided by p?
0
Let m(d) = -d**3 - d**2 + 1. Let i(p) = -5*p**3 + 16*p**2 - 20*p + 6. Let v(q) = -i(q) + 4*m(q). What is the remainder when v(19) is divided by 3?
2
Let i = -524 + 696. What is the remainder when i is divided by 18?
10
Let b be (0/(-14 - -8))/(2 + 0). Suppose w = j + 57 - 6, b = -3*w - j + 161. Calculate the remainder when w is divided by 14.
11
Suppose 0 = -2*y + 5*y - b + 61, -2 = b. Calculate the remainder when (-309)/y + (-4)/(-14) is divided by (-2)/10 - 230/(-25).
6
Let b(m) = -m**3 - 7*m**2 + 3*m + 48. What is the remainder when 350 is divided by b(-7)?
26
Let f = -247 - -298. What is the remainder when 143 is divided by f?
41
Suppose 4*t - 92 = 4*y, 0*y = y + 3. Suppose -d - 3*d = -t. Suppose 3*j - 18 = 18. Calculate the remainder when j is divided by d.
2
Suppose 752 = 4*d + 208. Let q = d + -12. What is the remainder when q is divided by 25?
24
Suppose 6*s - 122 - 220 = 0. What is the remainder when 22 is divided by 2/(-4) - s/(-6)?
4
Let s(c) = c**3 - 5*c**2 - 4*c - 5. Let o = 905 + -865. What is the remainder when o is divided by s(6)?
5
What is the remainder when 29 is divided by -3 + (-54)/(-21) + 396/42?
2
Let c be (-120)/32 + (-1)/4. Suppose 4*w = -3 + 11. What is the remainder when (3/(-9))/(c/84) is divided by w?
1
Suppose 0*b - 15 = -5*b. Suppose -3*q + 23 = z, q - 5 = -b*z + 2*z. Suppose 0*m = -m + q. What is the remainder when m is divided by 6?
3
Let d(z) = 9*z**2 + 23*z - 4. Calculate the remainder when d(4) is divided by 60.
52
What is the remainder when -8 + 59*24/8 is divided by 4?
1
Let i = -91 + 149. Suppose -4*x + 4*t + i = -t, t - 34 = -3*x. Calculate the remainder when 34 is divided by x.
10
Suppose 0*c - 73 = -c. Let x = -15 + c. Suppose 4*o + 17 = 65. What is the remainder when x is divided by o?
10
Let u(b) = -b**2 - 12*b + 22. Let f be u(8). Let d = -70 - f. What is the remainder when d is divided by 35?
33
Suppose -635*d = -629*d - 450. Calculate the remainder when d is divided by 26.
23
Suppose 0 = -2*k + 37 + 13. What is the remainder when 42 is divided by k?
17
Suppose -u + 5*c = -25, 15 = -2*c + 5. Suppose -12*l + 10*l + 100 = u. Calculate the remainder when l is divided by 13.
11
What is the remainder when 103 is divided by 4 + (3 + -5)*-2?
7
Let d be 1*((1 + -1)*1 - 1). Calculate the remainder when (d - (-17)/15) + (-1072)/(-60) is divided by 12.
6
Let z = -565 + 577. Calculate the remainder when 32 is divided by z.
8
Let q = 32 - 29. Suppose 5*h = -8*l + 7*l - 18, -q*h = 15. Calculate the remainder when 31 is divided by l.
3
Let x = -6 + 31. Let s be 10/x + 2046/10. Suppose 4*h + 4*a - 196 = 0, -2*h - s = -7*h + 5*a. Calculate the remainder when h is divided by 24.
21
Suppose -l - z + 2 = -2, -16 = -4*l + 3*z. Suppose -20 = -h + 2. What is the remainder when h is divided by l?
2
Suppose 2*x + 1 = -19. Let i(d) = d**2 + 9*d - 6. Let v be i(x). Suppose 23 = v*t + 3. Calculate the remainder when t is divided by 3.
2
Suppose -4*s = 4 - 340. Calculate the remainder when 328 is divided by s.
76
Suppose 0 = 19*n - 16*n - 135. Calculate the remainder when n is divided by 4 + 2 + 0/(-2).
3
Let t = 11 - -13. Suppose -4*h - 5*m = -180, -h + m + 45 = 3*m. Let f = 115 - h. What is the remainder when f is divided by t?
22
Let m = -1 - 0. Let z be 2*15*m/(-2). Calculate the remainder when 37 is divided by (-6)/27*z*-3.
7
Suppose 15*m - 30 = 9*m. Suppose -m*u = -3*t + 45, 4*u + 25 = t - u. What is the remainder when t is divided by 6?
4
Let g = 34 - 5. What is the remainder when (-106)/(-795) - 3819/(-45) is divided by g?
27
Let m(k) = -k**2 - 7*k + 9. Let j = 11 - 8. Calculate the remainder when (2/j)/((-4)/(-18)) is divided by m(-8).
0
Suppose 3*h = -5*c + 127, 2*h + 7*c - 8*c = 76. Calculate the remainder when h is divided by 5.
4
Suppose 2*i + 1 = 3*q, 7 = q + 8*i - 7*i. Suppose 0*w + 2*w = 8, 77 = q*s - 4*w. What is the remainder when 59 is divided by s?
28
Let f = 93 - 45. Calculate the remainder when (-1 - -94) + (10 - 8) is divided by f.
47
Suppose 14*r - 19 - 9 = 0. Suppose 0 = -4*i - 2*z + 402, -r*i + 8*z - 12*z + 186 = 0. Calculate the remainder when i is divided by 21.
19
Let o(h) = -h**2 - 34*h + 142. Suppose 3*p - 54 = p. Calculate the remainder when o(-35) is divided by p.
26
Calculate the remainder when 12/90 - (25304/(-120) - 3) is divided by 104.
6
Let t be (-1082)/(-4) + (-36)/8 + 5. Suppose -4*n - a = -t, -4*n + 22 + 240 = -2*a. What is the remainder when n is divided by 19?
10
Let k be 564/10 - (-4)/(-10). Let h = k - 33. Calculate the remainder when h is divided by 12.
11
Suppose -2*f = -5*b - 5*f + 40, 2*b = 2*f. Calculate the remainder when 39 is divided by b.
4
Let j = -15 + 28. Suppose 95 + 90 = o. Suppose 0 = 2*t + 3*t - o. What is the remainder when t is divided by j?
11
Suppose 4*o = 2 + 18. Suppose o*k - 105 = w - 0*w, 5*w + 45 = k. Calculate the remainder when 56 is divided by k.
16
Let s = 22 + -23. Let r be (-218)/10 + s/5. Let f = 2 - r. Calculate the remainder when f is divided by 13.
11
Let b = 10 + 0. Let r(o) = o + 7 + 3*o - o. What is the remainder when r(b) is divided by 10?
7
Let m = -42 + 57. Let a(l) = -2*l**2 + 30*l + 11. Calculate the remainder when 76 is divided by a(m).
10
Suppose 0 = 13*n - 20*n + 21. Suppose -2*m = -r + 18, -16*m + 11*m = -n*r + 57. What is the remainder when 70 is divided by r?
22
Suppose -29*r + 57*r = 168. Let a = 38 + -22. What is the remainder when a is divided by r?
4
Let l = 121 + 151. What is the remainder when l is divided by 69?
65
Suppose -2628 = -56*f + 2076. Calculate the remainder when f is divided by 48.
36
Suppose -6*w = -4*w - 34. Calculate the remainder when 47 is divided by w.
13
Let a be 0 - (2 + (-5)/(-5)). Let n(r) = -r**3 - 3*r**2 - r + 4. Calculate the remainder when 53 is divided by n(a).
4
Suppose 2*r + 0*r + 2*o = 16, -4*r + 5*o - 13 = 0. Suppose -2*s + s = 5*p - 40, r*s = -15. Calculate the remainder when 43 is divided by p.
7
Let l(j) = j**3 - 10*j**2 + 19*j + 31. What is the remainder when 79 is divided by l(7)?
11
Let g(f) = -f**3 - 9*f**2 - 8*f + 4. Let h be g(-8). Let r(u) = -3*u - 27 + h*u + 32. What is the remainder when 53 is divided by r(9)?
11
What is the remainder when 149 is divided by 68/(-374) + ((-950)/(-22) - -2)?
14
Suppose -3*o + 8*o - 25 = 0, -2*q + 5*o = -41. Calculate the remainder when 389/3 + 46/(-69) is divided by q.
30
Let s(g) = g**3 + 12*g**2 + 9*g - 11. Let p = 9 - 20. Calculate the remainder when 31 is divided by s(p).
9
Suppose 3*i + 0*i = 3*j + 21, i = 2*j + 5. Let n(k) = -3*k**3 + 1. Let s be n(-1). Suppose 2*a = s*a - 70. Calculate the remainder when a is divided by i.
8
Let o be 2/(-2) - (-17 + 13). Suppose -2*m = -5*m - o. Calculate the remainder when 66 is divided by 4 + 2/m - -15.
15
Let i(l) = -l**3 - 41*l**2 + 87*l + 45. Calculate the remainder when 106 is divided by i(-43).
0
What is the remainder when 1402/9 + 80/360 is divided by 32?
28
Let x(m) = -m - 11*m**3 + 2*m + 10*m**3 + 21. What is the remainder when x(0) is divided by (-2)/(-7) + (-80)/(-14)?
3
Suppose -12163 = -7*q - 1082. What is the remainder when q is divided by 88?
87
Suppose 0*i = -2*l + 5*i - 21, -2*l - 4*i + 24 = 0. What is the remainder when 71 is divided by (-16)/12*(l + 1*-20)?
23
Suppose -9*k + 213 + 111 = 0. Let r = k + 26. Calculate the remainder when r is divided by 21.
20
Let r = 173 + -159. Calculate the remainder when r is divided by 11.
3
Suppose 31*a - 1296 - 533 = 0. Calculate the remainder when 181 is divided by a.
4
Suppose -2235 = -4